{"id":3606,"date":"2025-02-11T12:12:49","date_gmt":"2025-02-11T11:12:49","guid":{"rendered":"https:\/\/www.sclocarno.ch\/wordpress\/?page_id=3606"},"modified":"2026-03-08T18:58:57","modified_gmt":"2026-03-08T17:58:57","slug":"corso-base-originale","status":"publish","type":"page","link":"https:\/\/www.sclocarno.ch\/wordpress\/corso-base-originale\/","title":{"rendered":"Corso &#8220;livello 1&#8221;"},"content":{"rendered":"<span itemprop=\"description\"><p><strong>Prossimo corso: Aprile 2026<br \/>\n<\/strong><span style=\"font-size: 14px; word-spacing: normal;\">Suddiviso in 9 lezioni da 2 ore<br \/>\n<\/span>Massimo 8 persone (minimo 4)<br \/>\nCosto: CHF 400.- a persona.<\/p>\n<table style=\"width: 100%; height: 280px;\">\n<tbody>\n<tr style=\"height: 28px;\">\n<td style=\"width: 53.1519%; height: 28px;\"><strong>Programma aprile 2026<\/strong><\/td>\n<\/tr>\n<tr style=\"height: 28px;\">\n<td style=\"width: 53.1519%; height: 28px;\">Luned\u00ec 13 (18:20)<\/td>\n<\/tr>\n<tr style=\"height: 28px;\">\n<td style=\"width: 53.1519%; height: 28px;\">Marted\u00ec 14 (18:00)<\/td>\n<\/tr>\n<tr style=\"height: 28px;\">\n<td style=\"width: 53.1519%; height: 28px;\">Gioved\u00ec 16 (18:00)<\/td>\n<\/tr>\n<tr style=\"height: 28px;\">\n<td style=\"width: 53.1519%; height: 28px;\">Venerd\u00ec 17 (18:00)<\/td>\n<\/tr>\n<tr style=\"height: 28px;\">\n<td style=\"width: 53.1519%; height: 28px;\">Sabato 18 (09:00)<\/td>\n<\/tr>\n<tr style=\"height: 28px;\">\n<td style=\"width: 53.1519%; height: 28px;\">Marted\u00ec 21 (18:00)<\/td>\n<\/tr>\n<tr style=\"height: 28px;\">\n<td style=\"width: 53.1519%; height: 28px;\">Gioved\u00ec 23 (18:00)<\/td>\n<\/tr>\n<tr style=\"height: 28px;\">\n<td style=\"width: 53.1519%; height: 28px;\">Sabato 25 (09:00)<\/td>\n<\/tr>\n<tr style=\"height: 28px;\">\n<td style=\"width: 53.1519%; height: 28px;\">Domenica 26 (09:00)<\/td>\n<\/tr>\n<\/tbody>\n<\/table>\n<p><strong>Condizioni d&#8217;ammissione<\/strong><br \/>\nGodere di buona salute e saper nuotare.<\/p>\n<p><strong>Modulo di contatto<br \/>\n<\/strong>\n<div class=\"wpcf7 no-js\" id=\"wpcf7-f2885-o1\" lang=\"it-IT\" dir=\"ltr\" data-wpcf7-id=\"2885\">\n<div class=\"screen-reader-response\"><p role=\"status\" aria-live=\"polite\" aria-atomic=\"true\"><\/p> <ul><\/ul><\/div>\n<form action=\"\/wordpress\/wp-json\/wp\/v2\/pages\/3606#wpcf7-f2885-o1\" method=\"post\" class=\"wpcf7-form init\" aria-label=\"Modulo di contatto\" novalidate=\"novalidate\" data-status=\"init\">\n<fieldset class=\"hidden-fields-container\"><input type=\"hidden\" name=\"_wpcf7\" value=\"2885\" \/><input type=\"hidden\" name=\"_wpcf7_version\" value=\"6.1.5\" \/><input type=\"hidden\" name=\"_wpcf7_locale\" value=\"it_IT\" \/><input type=\"hidden\" name=\"_wpcf7_unit_tag\" value=\"wpcf7-f2885-o1\" \/><input type=\"hidden\" name=\"_wpcf7_container_post\" value=\"0\" \/><input type=\"hidden\" name=\"_wpcf7_posted_data_hash\" value=\"\" \/>\n<\/fieldset>\n<p><label> Nome e Cognome (obbligatorio)<br \/>\n<span class=\"wpcf7-form-control-wrap\" data-name=\"your-name\"><input size=\"40\" maxlength=\"400\" class=\"wpcf7-form-control wpcf7-text wpcf7-validates-as-required\" autocomplete=\"name\" aria-required=\"true\" aria-invalid=\"false\" value=\"\" type=\"text\" name=\"your-name\" \/><\/span> <\/label>\n<\/p>\n<p><label> Data di nascita (obbligatoria)<br \/>\n<span class=\"wpcf7-form-control-wrap\" data-name=\"date-nascita\"><input class=\"wpcf7-form-control wpcf7-date wpcf7-validates-as-required wpcf7-validates-as-date\" aria-required=\"true\" aria-invalid=\"false\" value=\"\" type=\"date\" name=\"date-nascita\" \/><\/span> <\/label>\n<\/p>\n<p><label> Luogo di residenza (obbligatorio)<br \/>\n<span class=\"wpcf7-form-control-wrap\" data-name=\"text-Luogo\"><input size=\"40\" maxlength=\"400\" class=\"wpcf7-form-control wpcf7-text wpcf7-validates-as-required\" aria-required=\"true\" aria-invalid=\"false\" value=\"\" type=\"text\" name=\"text-Luogo\" \/><\/span> <\/label>\n<\/p>\n<p><label> E-mail (obbligatoria)<br \/>\n<span class=\"wpcf7-form-control-wrap\" data-name=\"your-email\"><input size=\"40\" maxlength=\"400\" class=\"wpcf7-form-control wpcf7-email wpcf7-validates-as-required wpcf7-text wpcf7-validates-as-email\" autocomplete=\"email\" aria-required=\"true\" aria-invalid=\"false\" value=\"\" type=\"email\" name=\"your-email\" \/><\/span> <\/label>\n<\/p>\n<p><label> Numero di telefono (obbligatorio)<br \/>\n<span class=\"wpcf7-form-control-wrap\" data-name=\"tel-Corsista\"><input size=\"40\" maxlength=\"400\" class=\"wpcf7-form-control wpcf7-tel wpcf7-validates-as-required wpcf7-text wpcf7-validates-as-tel\" aria-required=\"true\" aria-invalid=\"false\" value=\"\" type=\"tel\" name=\"tel-Corsista\" \/><\/span> <\/label>\n<\/p>\n<p><label> Scrivici (facoltativo)<br \/>\n<span class=\"wpcf7-form-control-wrap\" data-name=\"your-message\"><textarea cols=\"40\" rows=\"10\" maxlength=\"2000\" class=\"wpcf7-form-control wpcf7-textarea\" aria-invalid=\"false\" name=\"your-message\"><\/textarea><\/span> <\/label>\n<\/p>\n<p><input class=\"wpcf7-form-control wpcf7-submit has-spinner\" type=\"submit\" value=\"Invia\" \/>\n<\/p><div class=\"wpcf7-response-output\" aria-hidden=\"true\"><\/div>\n<\/form>\n<\/div>\n<\/p>\n<p><strong>Per eventuali ulteriori informazioni contattare<\/strong><br \/>\nCamillo Ossola +41 77 452 09 66<\/p>\n<p><img decoding=\"async\" src=\"http:\/\/www.sclocarno.ch\/wordpress\/wp-content\/uploads\/2025\/10\/Foto-amatori-2.jpeg\" alt=\"\" \/><\/p>\n<span>","protected":false},"excerpt":{"rendered":"<p class=\"excerpt\"><span itemprop=\"description\">Prossimo corso: Aprile 2026 Suddiviso in 9 lezioni da 2 ore Massimo 8 persone (minimo 4) Costo: CHF 400.- a persona. Programma aprile 2026 Luned\u00ec 13 (18:20) Marted\u00ec 14 (18:00) Gioved\u00ec 16 (18:00) Venerd\u00ec 17 (18:00) Sabato 18 (09:00) Marted\u00ec 21 (18:00) Gioved\u00ec 23 (18:00)&hellip;<\/span><\/p>\n<p class=\"more-link-p btn-align-right\"><a class=\"blue zoom-btn\" href=\"https:\/\/www.sclocarno.ch\/wordpress\/corso-base-originale\/\">Read More<\/a><\/p>\n","protected":false},"author":1,"featured_media":0,"parent":0,"menu_order":0,"comment_status":"closed","ping_status":"closed","template":"","meta":{"footnotes":""},"class_list":["post-3606","page","type-page","status-publish","hentry","zoom-theme-has-thumb"],"_links":{"self":[{"href":"https:\/\/www.sclocarno.ch\/wordpress\/wp-json\/wp\/v2\/pages\/3606","targetHints":{"allow":["GET"]}}],"collection":[{"href":"https:\/\/www.sclocarno.ch\/wordpress\/wp-json\/wp\/v2\/pages"}],"about":[{"href":"https:\/\/www.sclocarno.ch\/wordpress\/wp-json\/wp\/v2\/types\/page"}],"author":[{"embeddable":true,"href":"https:\/\/www.sclocarno.ch\/wordpress\/wp-json\/wp\/v2\/users\/1"}],"replies":[{"embeddable":true,"href":"https:\/\/www.sclocarno.ch\/wordpress\/wp-json\/wp\/v2\/comments?post=3606"}],"version-history":[{"count":48,"href":"https:\/\/www.sclocarno.ch\/wordpress\/wp-json\/wp\/v2\/pages\/3606\/revisions"}],"predecessor-version":[{"id":4346,"href":"https:\/\/www.sclocarno.ch\/wordpress\/wp-json\/wp\/v2\/pages\/3606\/revisions\/4346"}],"wp:attachment":[{"href":"https:\/\/www.sclocarno.ch\/wordpress\/wp-json\/wp\/v2\/media?parent=3606"}],"curies":[{"name":"wp","href":"https:\/\/api.w.org\/{rel}","templated":true}]}}